{"id":368,"date":"2020-12-20T18:46:31","date_gmt":"2020-12-20T17:46:31","guid":{"rendered":"http:\/\/sen-bau.de\/?page_id=368"},"modified":"2021-04-23T17:27:42","modified_gmt":"2021-04-23T15:27:42","slug":"altbausanierung","status":"publish","type":"page","link":"https:\/\/sen-bau.de\/?page_id=368","title":{"rendered":"Altbausanierung"},"content":{"rendered":"\t\t<div data-elementor-type=\"wp-page\" data-elementor-id=\"368\" class=\"elementor elementor-368\" data-elementor-settings=\"[]\">\n\t\t\t\t\t\t<div class=\"elementor-inner\">\n\t\t\t\t\t\t\t<div class=\"elementor-section-wrap\">\n\t\t\t\t\t\t\t<section class=\"elementor-section elementor-top-section elementor-element elementor-element-657b9845 elementor-section-boxed elementor-section-height-default elementor-section-height-default\" data-id=\"657b9845\" data-element_type=\"section\">\n\t\t\t\t\t\t<div class=\"elementor-container elementor-column-gap-default\">\n\t\t\t\t\t\t\t<div class=\"elementor-row\">\n\t\t\t\t\t<div class=\"elementor-column elementor-col-100 elementor-top-column elementor-element elementor-element-698fbd03\" data-id=\"698fbd03\" data-element_type=\"column\">\n\t\t\t<div class=\"elementor-column-wrap elementor-element-populated\">\n\t\t\t\t\t\t\t<div class=\"elementor-widget-wrap\">\n\t\t\t\t\t\t<div class=\"elementor-element elementor-element-565318b elementor-widget elementor-widget-text-editor\" data-id=\"565318b\" data-element_type=\"widget\" data-widget_type=\"text-editor.default\">\n\t\t\t\t<div class=\"elementor-widget-container\">\n\t\t\t\t\t\t\t\t<div class=\"elementor-text-editor elementor-clearfix\">\n\t\t\t\t\t<h1>\u00dcberlegungen bei der Renovierung eines historischen Geb\u00e4udes<\/h1>\n<p>Bei der Arbeit an Renovierungsprojekten ist h\u00e4ufig ein ausgewogenes Verh\u00e4ltnis zwischen der Bewahrung der Vergangenheit der Immobilie und der Bereitstellung der erforderlichen Aktualisierungen und Wartungsarbeiten zur Sicherung der Zukunft der Immobilie erforderlich.<\/p>\n<div>\n<div>Im Gegensatz zu Neubauten sind historische Renovierungsprojekte mit einer Reihe von Herausforderungen verbunden. Architekten ber\u00fccksichtigen beim Entwerfen viele Aspekte, einschlie\u00dflich der folgenden drei:<\/div>\n<div>&nbsp;<\/div>\n<div>\n<ul>\n<li>Anpassen und Erhalten vorhandener Materialien<\/li>\n<li><span style=\"font-family: 'PT Sans'; font-size: 14px; font-style: normal; font-variant-ligatures: normal; font-variant-caps: normal; font-weight: 400;\">Einbeziehen lokaler Nachbarschaftselemente<\/span><\/li>\n<li><span style=\"font-family: 'PT Sans'; font-size: 14px; font-style: normal; font-variant-ligatures: normal; font-variant-caps: normal; font-weight: 400;\">&nbsp;<\/span>Navigieren durch komplexe Genehmigungsprozesse f\u00fcr Wahrzeichen<\/li><\/ul><\/div>\n<div><span style=\"font-size: 14px;\">&nbsp;<\/span><br><\/div>\n<div>Am Ende lohnt es sich, ein bedeutungsvolles Geb\u00e4ude in seinem fr\u00fcheren Glanz wiederherzustellen.<\/div>\n<div>&nbsp;<\/div>\n<div>Grunds\u00e4tzlich bezieht sich der Begriff \u201eRenovierung alter Geb\u00e4ude\u201c allgemein auf alle Renovierungen in bestehenden Geb\u00e4uden. Infolgedessen werden nur vorhandene Strukturen angepasst und nicht vollst\u00e4ndig neu aufgebaut.<\/div>\n<div>&nbsp;<\/div>\n<div>Viele Menschen verbinden sicherlich alte Fachwerkh\u00e4user oder b\u00fcrgerliche Geb\u00e4ude aus den fr\u00fchen Tagen der Renovierung mit einem alten Geb\u00e4ude. Dies ist zwar ein wichtiger Bestandteil, aber nicht ausschlie\u00dflich aller Renovierungsarbeiten in Deutschland. Selbst H\u00e4user aus den 1970er Jahren sind nicht mehr das, was man als \u201emodern\u201c bezeichnen w\u00fcrde, und der Energiestandard l\u00e4sst oft zu w\u00fcnschen \u00fcbrig.<\/div>\n<div>&nbsp;<\/div>\n<div>Sie w\u00fcnschen sich eine Altbausanierung vorzunehmen oder ben\u00f6tigen weitere Informationen? Dann kontaktieren Sie einen unserer Experten!<\/div>\n<\/div>\t\t\t\t\t<\/div>\n\t\t\t\t\t\t<\/div>\n\t\t\t\t<\/div>\n\t\t\t\t\t\t<\/div>\n\t\t\t\t\t<\/div>\n\t\t<\/div>\n\t\t\t\t\t\t\t\t<\/div>\n\t\t\t\t\t<\/div>\n\t\t<\/section>\n\t\t\t\t\t\t<\/div>\n\t\t\t\t\t\t<\/div>\n\t\t\t\t\t<\/div>\n\t\t","protected":false},"excerpt":{"rendered":"<p>\u00dcberlegungen bei der Renovierung eines historischen Geb\u00e4udes Bei der Arbeit an Renovierungsprojekten ist h\u00e4ufig ein ausgewogenes Verh\u00e4ltnis zwischen der Bewahrung der Vergangenheit der Immobilie und der Bereitstellung der erforderlichen Aktualisierungen und Wartungsarbeiten zur Sicherung der Zukunft der Immobilie erforderlich. Im Gegensatz zu Neubauten sind historische Renovierungsprojekte mit einer Reihe von Herausforderungen verbunden. Architekten ber\u00fccksichtigen beim [&hellip;]<\/p>\n","protected":false},"author":1,"featured_media":0,"parent":0,"menu_order":0,"comment_status":"closed","ping_status":"closed","template":"","meta":[],"_links":{"self":[{"href":"https:\/\/sen-bau.de\/index.php?rest_route=\/wp\/v2\/pages\/368"}],"collection":[{"href":"https:\/\/sen-bau.de\/index.php?rest_route=\/wp\/v2\/pages"}],"about":[{"href":"https:\/\/sen-bau.de\/index.php?rest_route=\/wp\/v2\/types\/page"}],"author":[{"embeddable":true,"href":"https:\/\/sen-bau.de\/index.php?rest_route=\/wp\/v2\/users\/1"}],"replies":[{"embeddable":true,"href":"https:\/\/sen-bau.de\/index.php?rest_route=%2Fwp%2Fv2%2Fcomments&post=368"}],"version-history":[{"count":10,"href":"https:\/\/sen-bau.de\/index.php?rest_route=\/wp\/v2\/pages\/368\/revisions"}],"predecessor-version":[{"id":587,"href":"https:\/\/sen-bau.de\/index.php?rest_route=\/wp\/v2\/pages\/368\/revisions\/587"}],"wp:attachment":[{"href":"https:\/\/sen-bau.de\/index.php?rest_route=%2Fwp%2Fv2%2Fmedia&parent=368"}],"curies":[{"name":"wp","href":"https:\/\/api.w.org\/{rel}","templated":true}]}}