{"id":350,"date":"2020-12-20T18:41:16","date_gmt":"2020-12-20T17:41:16","guid":{"rendered":"http:\/\/sen-bau.de\/?page_id=350"},"modified":"2021-04-23T17:11:28","modified_gmt":"2021-04-23T15:11:28","slug":"aussenputz","status":"publish","type":"page","link":"https:\/\/sen-bau.de\/?page_id=350","title":{"rendered":"Au\u00dfenputz"},"content":{"rendered":"\t\t<div data-elementor-type=\"wp-page\" data-elementor-id=\"350\" class=\"elementor elementor-350\" data-elementor-settings=\"[]\">\n\t\t\t\t\t\t<div class=\"elementor-inner\">\n\t\t\t\t\t\t\t<div class=\"elementor-section-wrap\">\n\t\t\t\t\t\t\t<section class=\"elementor-section elementor-top-section elementor-element elementor-element-657b9845 elementor-section-boxed elementor-section-height-default elementor-section-height-default\" data-id=\"657b9845\" data-element_type=\"section\">\n\t\t\t\t\t\t<div class=\"elementor-container elementor-column-gap-default\">\n\t\t\t\t\t\t\t<div class=\"elementor-row\">\n\t\t\t\t\t<div class=\"elementor-column elementor-col-100 elementor-top-column elementor-element elementor-element-698fbd03\" data-id=\"698fbd03\" data-element_type=\"column\">\n\t\t\t<div class=\"elementor-column-wrap elementor-element-populated\">\n\t\t\t\t\t\t\t<div class=\"elementor-widget-wrap\">\n\t\t\t\t\t\t<div class=\"elementor-element elementor-element-565318b elementor-widget elementor-widget-text-editor\" data-id=\"565318b\" data-element_type=\"widget\" data-widget_type=\"text-editor.default\">\n\t\t\t\t<div class=\"elementor-widget-container\">\n\t\t\t\t\t\t\t\t<div class=\"elementor-text-editor elementor-clearfix\">\n\t\t\t\t\t<h1>Der Unterschied zwischen Au\u00dfenputz und Stuck<\/h1>\n<p>Au\u00dfenputz und Stuck haben viele \u00c4hnlichkeiten. Beide sind feuerfest und langlebig. Sie bieten Geb\u00e4uden eine attraktive Alternative zum Abstellgleis und sind relativ wartungsarme Produkte. Obwohl moderne Versionen hergestellt wurden, werden seit Tausenden von Jahren Au\u00dfenputzprodukte verwendet, die auf alte Zivilisationen zur\u00fcckgehen.<\/p>\n<div>\n<h2>Materialien<\/h2>\n<div>Stuck ist eine spezielle Art von Au\u00dfenputz. Au\u00dfenputz muss jedoch kein Stuck sein. Produkte, die als &#8222;Au\u00dfenputz&#8220; bekannt sind, werden aus einer Mischung von Kalk, Gips und Wasser hergestellt. Stuck wird jedoch aus Portlandzement, Kalk und Sand hergestellt. Diese Materialunterschiede wirken sich darauf aus, wo das Material verwendet und wie es angewendet werden kann.<\/div>\n<div><br \/>\n<h2>Anwendung<\/h2>\n<\/div>\n<div>Gips kann sowohl im Innen- als auch im Au\u00dfenbereich eines Hauses verwendet werden, w\u00e4hrend Stuck am besten nur im Au\u00dfenbereich verwendet wird. Dies liegt daran, dass Stuck eine raue Textur aufweist und haltbarer ist als andere Gipsarten. Au\u00dfenputz ist jedoch vielseitiger; Es kann auf eine Vielzahl von glatten Oberfl\u00e4chen wie Trockenbau oder Beton aufgetragen werden, Stuck hingegen nicht. Au\u00dfenfl\u00e4chen m\u00fcssen richtig vorbereitet sein, damit Sie Stuck auftragen k\u00f6nnen.<\/div>\n<\/div>\n<div>\n<p>\u00a0<\/p>\n<h2>Installation<\/h2>\n<div>\n<p>Sowohl f\u00fcr die Installation von Gips als auch f\u00fcr Stuck sind geschulte Fachkr\u00e4fte erforderlich, die h\u00e4ufig eine lange Ausbildung absolvieren, um das Handwerk zu erlernen. Stuck wird normalerweise in drei Schichten \u00fcber eine Drahtlatte aufgetragen, die dem Drahtgeflecht \u00e4hnelt und dem Stuck eine Oberfl\u00e4che verleiht, an der er haften kann. Diese erste Schicht ist eine vorbereitende oder &#8222;Kratz&#8220; Schicht; das zweite ist ein &#8222;braunes Fell&#8220;, das eine dicke, glatte Schicht ist; und der Decklack verleiht dem Stuck sein unverwechselbares, strukturiertes Aussehen. Auf diese Weise kann auch Au\u00dfenputz aufgetragen werden, obwohl auch eine d\u00fcnne Schicht &#8211; auch als Gips Furnier bekannt &#8211; m\u00f6glich ist. Gips Furnier kann in einer Schicht auf Trockenbau aufgetragen werden.<br \/><br \/><\/p>\n<h2>Vielseitigkeit<\/h2>\n<div>Au\u00dfenputz ist vielseitiger als Stuck. W\u00e4hrend Stuck nur auf bestimmte Arten von Oberfl\u00e4chen &#8211; wie z. B. eine Drahtlatte &#8211; aufgetragen werden kann, kann Putz direkt auf eine Vielzahl von Oberfl\u00e4chen aufgetragen werden, einschlie\u00dflich glatter Texturen wie Beton und Trockenbau. Gips kann auch in Formen gegossen und abgebunden werden, um relativ kosteng\u00fcnstige, komplizierte Designformen herzustellen. Dies verleiht einem Haus Wert und Sch\u00f6nheit mit minimalen zus\u00e4tzlichen Kosten.<br \/><br \/>Haben Sie weitere Fragen oder Anmerkungen zu diesem Thema? Dann kontaktieren Sie einen unserer Ansprechpartner und lassen Sie sich von Experten beraten!<\/div>\n<\/div>\n<\/div>\n<div>\u00a0<\/div>\t\t\t\t\t<\/div>\n\t\t\t\t\t\t<\/div>\n\t\t\t\t<\/div>\n\t\t\t\t\t\t<\/div>\n\t\t\t\t\t<\/div>\n\t\t<\/div>\n\t\t\t\t\t\t\t\t<\/div>\n\t\t\t\t\t<\/div>\n\t\t<\/section>\n\t\t\t\t\t\t<\/div>\n\t\t\t\t\t\t<\/div>\n\t\t\t\t\t<\/div>\n\t\t","protected":false},"excerpt":{"rendered":"<p>Der Unterschied zwischen Au\u00dfenputz und Stuck Au\u00dfenputz und Stuck haben viele \u00c4hnlichkeiten. Beide sind feuerfest und langlebig. Sie bieten Geb\u00e4uden eine attraktive Alternative zum Abstellgleis und sind relativ wartungsarme Produkte. Obwohl moderne Versionen hergestellt wurden, werden seit Tausenden von Jahren Au\u00dfenputzprodukte verwendet, die auf alte Zivilisationen zur\u00fcckgehen. Materialien Stuck ist eine spezielle Art von Au\u00dfenputz. [&hellip;]<\/p>\n","protected":false},"author":1,"featured_media":0,"parent":0,"menu_order":0,"comment_status":"closed","ping_status":"closed","template":"","meta":[],"_links":{"self":[{"href":"https:\/\/sen-bau.de\/index.php?rest_route=\/wp\/v2\/pages\/350"}],"collection":[{"href":"https:\/\/sen-bau.de\/index.php?rest_route=\/wp\/v2\/pages"}],"about":[{"href":"https:\/\/sen-bau.de\/index.php?rest_route=\/wp\/v2\/types\/page"}],"author":[{"embeddable":true,"href":"https:\/\/sen-bau.de\/index.php?rest_route=\/wp\/v2\/users\/1"}],"replies":[{"embeddable":true,"href":"https:\/\/sen-bau.de\/index.php?rest_route=%2Fwp%2Fv2%2Fcomments&post=350"}],"version-history":[{"count":10,"href":"https:\/\/sen-bau.de\/index.php?rest_route=\/wp\/v2\/pages\/350\/revisions"}],"predecessor-version":[{"id":565,"href":"https:\/\/sen-bau.de\/index.php?rest_route=\/wp\/v2\/pages\/350\/revisions\/565"}],"wp:attachment":[{"href":"https:\/\/sen-bau.de\/index.php?rest_route=%2Fwp%2Fv2%2Fmedia&parent=350"}],"curies":[{"name":"wp","href":"https:\/\/api.w.org\/{rel}","templated":true}]}}